r when k(-7) is divided by 6?
5
Suppose -t + 41 + 19 = 0. Calculate the remainder when t is divided by 16.
12
Let a(f) = -f + 2 + 2 + 2*f - 1. Let g be a(5). Suppose s = -3*h + 43, 0 = -4*h + 4*s + g + 76. Calculate the remainder when 31 is divided by h.
15
Suppose -2*g + 2*z + 23 = 3*z, -2*z = -g + 9. Calculate the remainder when g is divided by 4.
3
Let d = -15 + 31. Calculate the remainder when d is divided by 7.
2
Let o = 22 - 8. Let c(b) = -2*b**3 - 7*b**2 - 3*b - 3. Calculate the remainder when c(-4) is divided by o.
11
Let d be (17 + -2)/(1/7). Let c = d + -66. Calculate the remainder when c is divided by 10.
9
Suppose l + 129 = 4*l. What is the remainder when 0*4/8 + l is divided by 9?
7
Let b(l) = 0*l + l + 3*l - 1. Let w(z) = -z - 12. What is the remainder when b(1) is divided by w(-13)?
0
Suppose 0 = -3*d - 5 + 47. Let z = 78 - 37. What is the remainder when z is divided by d?
13
Suppose 17*b + 12*b = 29. Suppose -4*u = 2*t - 18, 5*t - 7 - 2 = -u. What is the remainder when b is divided by t?
0
Let i(w) = w**2 - 7*w - 6. Let l be i(8). Suppose 5*q + 2*n + l = 9, -35 = -5*q + 5*n. Calculate the remainder when q is divided by 2.
1
Let m be (-7)/((-7)/(-2) + -3). What is the remainder when 39 is divided by -1 + m/4*-6?
19
Let m(h) = -83*h + 1. Let c be m(2). Calculate the remainder when (1 + -2)*c/3 is divided by 19.
17
Let o = -49 - -55. Calculate the remainder when 35 is divided by o.
5
Let d(s) = s**3 + 4*s**2 - 6*s + 7. Suppose -5*y = -9*y - 20. What is the remainder when 35 is divided by d(y)?
11
Suppose 5 = c, 0*c - 42 = -4*l - 2*c. Suppose s + s = l, 2*a + 5*s = 286. Calculate the remainder when a is divided by 34.
31
Let i(x) = 2*x + 3. Let l be i(-9). Calculate the remainder when 2/10 - 372/l is divided by (5 + -2)/((-3)/(-9)).
7
Suppose -2*o = -34 - 0. What is the remainder when o is divided by 9?
8
What is the remainder when -5 - (0 + -5 + -70) is divided by 20?
10
Let w(a) = 3 - 1 + 4 - 2 + 5*a. Calculate the remainder when w(6) is divided by 18.
16
Suppose -26*a + 8*a = -432. Calculate the remainder when 70 is divided by a.
22
Let z(o) = o**2 + 6*o + 11. Calculate the remainder when 5 is divided by z(-4).
2
Let l(z) = z**3 - 8*z**2 - 2*z + 5. Let v be l(8). Let m = v + 30. What is the remainder when m is divided by 5?
4
Suppose 12*y - 7*y = 65. What is the remainder when 46 is divided by y?
7
Let h(s) = -3*s - 1 + 0 - 3*s. What is the remainder when h(-5) is divided by 8?
5
Let o(w) = 13*w - 1. What is the remainder when 45 is divided by o(1)?
9
Calculate the remainder when (-12)/2*(-2)/12 is divided by 1.
0
Suppose -i = -0 + 2, 2*n - 4*i = 12. Suppose 0*b = -b + 4. What is the remainder when b is divided by n?
0
Let y = -18 + 29. Calculate the remainder when 41 is divided by y.
8
Suppose 3*b + 5*c - 49 = 0, 4 = 4*b + 2*c - 38. What is the remainder when 29 is divided by b?
5
What is the remainder when 6 is divided by (-4)/20 - (-2 + (-18)/15)?
0
What is the remainder when 618/8 + 1/(-4) is divided by 40?
37
Suppose b - 15 = 2*b. Let y = b - -19. Suppose -4*l + 45 - 13 = 2*u, 5*u + 10 = 5*l. Calculate the remainder when l is divided by y.
2
Let h(n) = -n - 5. Let x be h(-5). Suppose -s + 13 + 11 = x. What is the remainder when s is divided by 13?
11
Suppose -8*q + 13*q - 35 = 0. Calculate the remainder when 47 is divided by q.
5
Calculate the remainder when 53 is divided by (9 - -5)/(0 - -1).
11
Suppose -2*z - 3 + 1 = 0. Let m be 2 + ((-3)/3 - z). Suppose 4*t - 90 = -m. Calculate the remainder when t is divided by 12.
10
Suppose -75 = b + 2*b. Suppose -8*q + 3*q - 70 = 0. Let f = q - b. What is the remainder when 31 is divided by f?
9
Let r = -24 - -55. Let y(w) = -w**3 - 7*w**2 - 8*w - 2. Let n be y(-6). Let x = 26 - n. Calculate the remainder when r is divided by x.
15
Suppose -y + 4*p = -12, 4*p + 0*p - 4 = -3*y. Suppose -r + 3 = -y. Calculate the remainder when 27 is divided by r.
6
Suppose 0 = m + 4*r - 3, 0 = -5*m + r - 5*r + 63. Calculate the remainder when 42 is divided by m.
12
Let d(v) = v + 9. Calculate the remainder when d(10) is divided by 5.
4
Let b(p) = p**3 - 5*p**2 - 5*p + 6. Let s be b(6). Let h(w) = 3*w**2 + 6*w + 1. Let r be h(-4). Let j = r - s. Calculate the remainder when j is divided by 7.
6
Calculate the remainder when 319 is divided by -1*3/(-18) + 550/12.
43
Suppose 14*p = 9*p + 160. Calculate the remainder when 93 is divided by p.
29
Let y be 0/(-6) - -34*1. Suppose 3*l + 2*c - y = 2*l, -5*c = 5*l - 195. What is the remainder when l is divided by (-60)/(-2)*1/2?
14
Let w(z) = 15*z - 3. What is the remainder when w(7) is divided by 35?
32
What is the remainder when 17 is divided by 6/(-1 + (75/(-6))/(-5))?
1
Suppose 4*q - 41 = 47. What is the remainder when (-4)/22 + 202/q is divided by 5?
4
What is the remainder when (-16)/12*(-34 - 2) is divided by 17?
14
What is the remainder when (972/144)/(1/12) is divided by 21?
18
Let b = 282 + -251. Let q be (2 - 0)/2 - 0. Let a = 12 - q. What is the remainder when b is divided by a?
9
Let w be (-1)/(-2) - (-45)/18. Suppose -w*r = 15, v + 4*r = 5 - 23. What is the remainder when 3 is divided by v?
1
Let j = -17 + 12. Let u(q) = q**3 + 5*q**2 - 4*q + 2. Suppose -88 = -8*c - 3*c. Calculate the remainder when u(j) is divided by c.
6
Let q = 27 - 12. Suppose -12 = -n - 2*n, 18 = u + 5*n. What is the remainder when (-138)/(-5) - u/5 is divided by q?
13
Let g = 163 + -44. Calculate the remainder when g is divided by 24.
23
Let n = 19 - 2. Let f(p) = 0*p**2 + 0*p**2 + 3*p**2 - 6*p + 5. Calculate the remainder when f(5) is divided by n.
16
Let j(k) = -k - 1. Let s be j(-6). Suppose -69 = -8*f + s*f + 3*y, -5*y - 46 = -2*f. Calculate the remainder when f is divided by 6.
5
Suppose 2*m - 24 = -2*n, 5*n - 2 = 3*m + 18. Let l(z) = 10*z - 7 - 4*z**2 - 2*z**2 - 2*z**2 + z**3. Calculate the remainder when 27 is divided by l(n).
13
Let q(v) = 9*v - 14 - v**3 + 9 + 10 - 11*v**2 + 3*v**2. What is the remainder when 19 is divided by q(-9)?
4
Suppose -3*a - 9 = 0, 2*a = -m - 0*m - 8. Let i be 2 + (0 - (m + 0)). Suppose 8 = 2*z, -c + i*z - 18 = -2*c. Calculate the remainder when 3 is divided by c.
1
Let i = -89 - -195. Calculate the remainder when i is divided by 27.
25
Let v be 18/(-4) + (-3)/(-2). Let x be (-27)/(-12)*(-104)/v. Suppose -6*j + x = -3*j. What is the remainder when j is divided by 9?
8
Let k(y) = 7*y**2 + 8*y + 8. Let l(x) = -20*x**2 - 23*x - 23. Let z(j) = -17*k(j) - 6*l(j). What is the remainder when 17 is divided by z(-4)?
7
Suppose -4*b + 2*b + 46 = 0. Calculate the remainder when b is divided by 12.
11
Let t = 49 + -23. What is the remainder when 77 is divided by t?
25
What is the remainder when 42 is divided by 33/(-2 - 1)*-1?
9
Let u = -19 - -41. Let h(w) = -w**2 - 13*w + 175. What is the remainder when (u/(-8))/((-2)/8) is divided by h(8)?
4
Suppose -7*x + 5*x = -134. What is the remainder when x is divided by 34?
33
Suppose 64 = 3*y - 62. Suppose 0 = s - 0 - 3. Suppose 0*c = s*c - y. Calculate the remainder when 40 is divided by c.
12
Let g(a) = -a**3 + a + 12. Let y = -219 - 36. Calculate the remainder when (6/15)/((-3)/y) is divided by g(0).
10
Let y = -5 + -1. Suppose -100 = -5*l + 3*j, 0*l - 4*j + 112 = 4*l. What is the remainder when l is divided by y*((-1 - 0) + -1)?
11
Calculate the remainder when (-2)/4 - 194/(-4) is divided by (225/30)/((-14)/(-8) - 1).
8
Let i(a) = a**3 + 3*a**2 - 4*a + 1. Suppose 5*m = 2*r + 26, -m = 5*r + m + 7. Calculate the remainder when 24 is divided by i(r).
11
Suppose -3*k = 4 - 49. What is the remainder when 3 is divided by 12/k*(-10)/(-4)?
1
Suppose 0*l - 4*l - 16 = 0, 2*z = -5*l - 54. Let o = -14 - z. Calculate the remainder when o is divided by 3*2/(2 - 0).
0
Suppose s + 0*s - 96 = 0. Suppose -t - s = -4*t. Suppose 2*i = -3*r + 22, -2*i = -i + 4*r - 11. Calculate the remainder when t is divided by i.
10
Suppose 0 = 3*z - 7*z + 28. Calculate the remainder when 1 + 7/(z/36) is divided by 10.
7
Let k be (-6)/33 - 13/(-11). Let i = -1 + k. Suppose 5 = -i*s + 5*s. What is the remainder when s is divided by 1?
0
Suppose -6*x + 4*x + 39 = -5*s, x + 2*s = -3. Calculate the remainder when x is divided by 5.
2
Let y be (1 + -1)*1/(-2). Suppose 2*d - 50 = -y*d. Calculate the remainder when 11/4 + -3 + 586/8 is divided 